et s(g) = -g**2 - 4. Let b be s(-5). Let q = 49 + b. What is the units digit of q?
0
Suppose j = -1 - 6. Let g be j + ((-6)/3 - -1). Let q(r) = r**3 + 7*r**2 - 11*r - 8. What is the tens digit of q(g)?
1
Suppose -80 = -2*h + 3*i, -2*i - 31 = 3*h - 151. What is the tens digit of h?
4
What is the tens digit of (-3)/(-2) + 244/8 + 2?
3
Let s(c) = 3 - 1 + 2*c**2 - 3*c - 1 + c**2. Let n be s(2). Suppose o + n*u - 4 = 4*u, 4*o - 81 = u. What is the tens digit of o?
1
Let v = 50 + -34. What is the tens digit of v?
1
Let f(c) be the first derivative of 3*c**2/2 - 4*c - 1. Let d = -5 - -10. What is the units digit of f(d)?
1
Let n = -119 - -35. Let y = n + 124. What is the tens digit of y?
4
Suppose 0 = -5*d - 5*g + 15, 4*d + g - 9 = -2*g. Let r(n) = -n + 4. Let x be r(4). Suppose d = w - 3*l - 20, x = w + l - 3*l - 15. What is the units digit of w?
5
Let a(f) = f**2 + 10*f + 10. Let w be a(-8). What is the units digit of ((-8)/12)/(4/w)?
1
Let q be (2 - -1) + 0 + 1. Suppose 0*v = 3*l - 4*v + 7, -q*l = -v + 18. Let x = 9 + l. What is the units digit of x?
4
Let v = 16 + 49. Let p = -45 + v. What is the units digit of p?
0
Suppose -d = 4*y - 20, -4*y = 1 - 5. What is the tens digit of d?
1
Let u(l) = 14*l + 5. Let t be u(5). Suppose -6*c - 3*o + t = -c, -2*o = c - 15. What is the tens digit of c?
1
Let k = 35 + -20. Suppose -3*p = -2*q - 9, 5*q + k = 5*p - 0*p. What is the units digit of p?
3
Let o be 0/(-1)*(-1)/2. Let d(j) = 2*j - 7. Let a be d(5). Let q = a + o. What is the units digit of q?
3
Let j(x) = -14*x + 18. Let s(n) = -9*n + 12. Let g(r) = -5*j(r) + 7*s(r). What is the units digit of g(6)?
6
Let h(k) = -3*k**3 + k**2 + 4*k + 3. What is the tens digit of h(-4)?
9
Let y = 715 + -417. What is the units digit of y?
8
What is the hundreds digit of (1744/6 + 0)/(4/6)?
4
Suppose 5*s - 31 = -c, 5*s - 12 = -5*c + 3. Suppose -4*p + 3*t = 4, 4*p + 2*t - 9 = s. Suppose -3*a = 2*g - 21 - 16, 8 = -p*g. What is the tens digit of a?
1
Let l = -46 + 103. What is the units digit of l?
7
Let k(b) = 2*b - 14. What is the units digit of k(14)?
4
Let g be (-4)/(-2) - 20/(-5). Suppose g = 2*b, -5*r - 3*b = -174 - 80. What is the units digit of r?
9
Let p(f) = -f + 37. What is the units digit of p(0)?
7
Let l = -23 + 111. What is the units digit of l?
8
Let u = -16 + 41. What is the tens digit of u?
2
What is the tens digit of (-7 + 52)*(3 + -3 + 1)?
4
Let b(t) = t - 6. Let o be b(7). Let x be 0 + o/(3/(-27)). Let h = x + 14. What is the units digit of h?
5
Suppose 3 = 4*i - 17. What is the units digit of i?
5
Suppose 2 + 0 = q. Suppose q*i - 7*i = -20. What is the units digit of (20/(-8))/((-2)/i)?
5
Let q(n) be the second derivative of n**5/20 + n**4/4 - n**3/3 - 3*n**2/2 + n. Let s = 7 - 10. What is the units digit of q(s)?
3
Let g(b) = 2*b**2 + 1. Let h be g(-1). Suppose -2*k = k - 6, -3*k + 45 = h*f. What is the tens digit of f?
1
Suppose -4*h + 2 - 7 = 3*k, -2*k = 6. Suppose 5*c - 3*s + h = 0, 4*s - 6 = 3*c - 1. Let z(y) = 14*y. What is the tens digit of z(c)?
1
Suppose 0 = 4*r - 2*r - 4. Suppose -4*z = -r - 6. Suppose z*d = 16 - 2. What is the units digit of d?
7
What is the tens digit of ((-24)/14)/((-12)/504)?
7
Suppose s + 3*s = 0. What is the units digit of -3 - (-8 + (-2 - s))?
7
Suppose 5*q = d + 10, -q - 12 = 5*d - 40. Suppose 8*p = q*p + 55. What is the units digit of p?
1
Suppose 3*s = 2*s + 36. What is the tens digit of s?
3
Let w(n) be the third derivative of -n**4/24 + n**3/3 - 8*n**2. What is the units digit of w(0)?
2
Let q(w) = w. Let v be q(5). Let b = v + -8. What is the units digit of -1*3 + (b - -15)?
9
Let y(l) = -l**3 - 5*l**2 + 9*l + 4. Let s be y(-6). What is the units digit of 1/((-2)/s - 0)?
7
Let d(c) be the third derivative of c**5/60 + 5*c**4/24 - 2*c**3/3 - 4*c**2. What is the units digit of d(-7)?
0
Suppose -14 + 5 = -4*v - t, 2*t + 12 = 2*v. What is the units digit of v?
3
Let q(b) = -b**3 - 4*b**2 + 8*b + 5. Let y be q(-5). Let g = y + 48. What is the units digit of g/5 + (-2)/(-5)?
8
Suppose 405 + 1800 = 7*u. What is the units digit of u?
5
Let l(r) = r**3 + 5*r**2 + 3*r - 3. Let m(d) = 7*d + 17. Let o(v) = -3*v - 8. Let q(k) = -6*m(k) - 13*o(k). Let t be q(2). What is the units digit of l(t)?
1
Let w(l) = -2*l + 5*l**2 + 5 + 0 - 4 - 2. What is the tens digit of w(2)?
1
What is the hundreds digit of 0 + 0 - -111 - 5?
1
Let s be 14/21 + (-524)/(-6). Let h = -47 + s. What is the tens digit of h?
4
Let n(d) = -90*d**3 - d**2 - 3*d - 2. What is the tens digit of n(-1)?
9
Let w(j) = 24*j - 10. What is the units digit of w(5)?
0
Let k(t) = -22*t - 8. What is the units digit of k(-3)?
8
What is the tens digit of 71 + -2 + 0/6?
6
Suppose -3*g + 3 = -4*g. Let a be 45/(-5)*(-1)/g. What is the units digit of (a/6)/(1/(-12))?
6
Suppose -2*u - 5*u + 462 = 0. What is the tens digit of u?
6
Let n be (-1 + 4)*(-77)/(-21). Suppose 0 = a - 17 - n. What is the units digit of a?
8
Let z(x) be the first derivative of -2*x**3 + 2 + 1/4*x**4 - 4*x + 3/2*x**2. What is the tens digit of z(6)?
1
Let k be ((-4)/(-16))/(4/(-16)). Let l(w) = 53*w**2 - 2*w - 1. What is the tens digit of l(k)?
5
Let z = -20 - -12. Let w = z - -24. Let f = 27 - w. What is the units digit of f?
1
What is the tens digit of 4/10 - (-1944)/40?
4
Suppose 4*f - 18 = 2*j, f + 2 = 6. Let d = 0 - j. What is the units digit of 0 + 2 + 0 + d?
3
Let h be (-1 - 1)*(-2)/1. Let i be h/12 - (-10)/6. Suppose -28 = -2*c - q + 2*q, -5*c + 52 = i*q. What is the tens digit of c?
1
Let j(w) = 30*w - 17. What is the hundreds digit of j(6)?
1
Let n be 170/20*1*2. What is the tens digit of n - 0 - (0 - 2)?
1
Suppose -r = 2*q - 4 + 12, 0 = -2*r - 2*q - 10. Let t be (r - -8)/(-3) + 4. Let c(d) = 8*d - 3. What is the units digit of c(t)?
3
Let s = -181 - -300. What is the hundreds digit of s?
1
Let w be 4/14 + (-19)/(-7). Let z = w - 2. What is the units digit of z?
1
Let t(a) be the second derivative of a**6/720 + 3*a**5/40 - a**4/4 - 3*a. Let p(c) be the third derivative of t(c). What is the units digit of p(0)?
9
Let g(r) = 3*r**3 - 2*r**2 - 2*r + 1. Let d be g(-2). Let k = 52 + d. What is the tens digit of k?
2
Let z(r) = -3*r**3 - 4*r**2 + 5*r + 10. What is the hundreds digit of z(-4)?
1
Let w(a) = -16*a + 59. Let n(y) = 1 - 3*y + 12 - 1. Let u(c) = 11*n(c) - 2*w(c). What is the units digit of u(8)?
6
Let r(n) = 9*n**2 + 7*n + 11. Let t(h) = 4*h**2 + 3*h + 5. Let g(b) = -6*r(b) + 13*t(b). Let c be g(-2). What is the units digit of (-3)/c - 1*-2?
3
Suppose 5 = 2*h + 1. Let d(l) = 1 + l**h + 0*l**2 - l + 0*l. What is the units digit of d(2)?
3
What is the tens digit of (-1)/(3*5/(-1740))?
1
Let k(p) = p - 4. Let v be k(6). Suppose -l + 7 = -v. What is the units digit of l?
9
Let x be (1/(-2))/(1/(-2)). Let c be (x/((-3)/(-3)))/1. Suppose -c = -3*w + 2. What is the units digit of w?
1
Let y = 21 - 19. Suppose 0 = -4*m + 3*t + 176, -3*m + 0*m - y*t + 115 = 0. What is the units digit of m?
1
Let m be (-7)/(-9) - (-2)/9. Let k(f) = 4*f**2 - f. Let u be k(m). Suppose -u*d + 9 + 5 = -y, 5*d = y + 20. What is the units digit of d?
3
Let w(h) be the second derivative of h**5/20 - h**4/4 - h**3/6 - 5*h**2/2 + 5*h. What is the units digit of w(5)?
0
Suppose -3*z = -9*z + 18. What is the units digit of z?
3
Suppose -z + 6*z + 5*r = 215, 4*r = 4*z - 140. What is the units digit of z?
9
Let i = 4 - 4. Let k(o) = o**3 - 6*o**2 + 6*o + 5. Let v be k(5). Suppose -3*b + v = 2*b - 3*w, i = 5*b + 5*w - 50. What is the units digit of b?
5
Let v = 0 - -4. Suppose 5*z + 0*c + 3*c = 18, -v*z + c + 28 = 0. What is the units digit of z?
6
Let l(b) = 4*b - 8. What is the units digit of l(21)?
6
Suppose -4*s = 3*j - 210, 2*s - 350 = -5*j - 0*s. Suppose -4*r - 3*m = r - j, 95 = 5*r - 2*m. Suppose -r = -5*i + 13. What is the units digit of i?
6
What is the units digit of 2/(-4)*-2 + 0 + 3?
4
Suppose 18*x - 13*x - 90 = 0. What is the tens digit of x?
1
Suppose 2*b - 44 = 194. Let w = -72 + b. What is the tens digit of w?
4
Let t(n) = -2*n + 7. What is the tens digit of t(-10)?
2
What is the tens digit of (-2)/10 - (-1694)/70?
2
Let l(h) = h**2 - 8*h + 3. Let x be l(8). Suppose 2*a = -4*j + 30, 3*a - 6*a - 27 = -x*j. What is the units digit of j?
8
Suppose 0*p - 690 = -10*p. What is the units digit of p?
9
Let p be 2 + -1 +